. Let a(z) = z**2 + 7*z - 1. Calculate a(f).
-13
Let y(b) = 2 - 22*b + 11*b - b**2 + 2*b + 9*b. What is y(-5)?
-23
Let r(d) = -2*d**2 - 2*d - 1. Suppose 2*o - 4 = 4. Let i be (-6)/o*(-32)/(-24). Let s be r(i). Let b(z) = z - 2. Give b(s).
-7
Suppose -17*s = -4 - 166. Let b(l) = l**2 - 5*l - 10. Give b(s).
40
Let t(y) = y**2 - 11*y - 12. Suppose 68 = w + 55. Calculate t(w).
14
Let d(c) be the second derivative of c**5/20 + 11*c**4/12 + c**3/3 + 13*c**2/2 - 65*c. Give d(-11).
-9
Let n(y) = -4*y + 2. Let w(t) = 3*t - 21. Let o be w(10). Suppose -o*c = -c + 40. What is n(c)?
22
Let s(f) = -5 - f + f**3 - f + 4*f - 4*f**2. Let a(y) = 2*y + 16. Let x be a(-6). Let m be s(x). Let q(w) = -2*w. Calculate q(m).
-6
Let i = -24 + 21. Let j = 3 + i. Let l(p) = p**3 + p**2 - p + 3. What is l(j)?
3
Let v(m) = -6*m**3 + 13*m**2 - 6*m - 21. Let i(d) = 5*d**3 - 13*d**2 + 7*d + 18. Let p(l) = -5*i(l) - 4*v(l). Determine p(12).
6
Let y = 6 + -6. Let b(n) = 356 + 379 - 750 - n. Determine b(y).
-15
Let r(a) be the third derivative of a**7/140 + a**6/720 + a**4/8 - 2*a**3/3 + a**2 + 11. Let s(v) be the second derivative of r(v). Give s(1).
19
Suppose 39 = 13*m - 0*m. Let o(u) = 3*u + u**2 + 10 - m - 9. Give o(-5).
8
Let b be (-960)/(-832) - 6/39. Let z(s) = -6*s - 3 + 2 - 3*s. What is z(b)?
-10
Let q(h) = -h + 7. Let j be q(3). Let m(n) be the second derivative of n**4/12 - 5*n**3/6 + 3*n**2/2 + 5*n. Calculate m(j).
-1
Let w(k) = 10*k**2 + 6*k + 3790*k**3 - 3789*k**3 + 4*k - 4. Calculate w(-9).
-13
Let b(c) = c**2 + 6*c + 15. Let t(k) = -k**2 - 6*k - 15. Let a(o) = -6*b(o) - 7*t(o). Let q be a(-4). Let v(u) = -2*u - 6. Calculate v(q).
-20
Let q(a) = 8*a + 5. Let v(b) = -b**2 - b - 1. Let t be (42/56)/((-3)/(-4)). Let x(m) = t*q(m) - v(m). Determine x(-8).
-2
Let r(k) = k**3 - 5*k**2 + k + 5. Suppose 3*s = -2*s - 4*b + 4, 2*s = -2*b. What is r(s)?
-7
Let i be 1/6*3*2. Let l(c) be the third derivative of 7*c**6/120 - c**4/12 + c**3/6 - 37*c**2. Give l(i).
6
Let x(r) = 2*r**2 + 6. Let d(v) be the third derivative of v**3/6 + 7*v**2. Let q(p) = 5*d(p) - x(p). Give q(2).
-9
Let a = 201 - 143. Suppose 56 - a = -k. Let v(y) = 2*y**3 - y**2 - y + 1. Calculate v(k).
11
Let l be (6/(-7))/(36/(-168)). Let u(t) = 5*t**3 + 8*t**2 - 6*t - 10. Let k(g) = -4*g**3 - 7*g**2 + 5*g + 9. Let z(q) = l*k(q) + 3*u(q). Determine z(-4).
-2
Let r(d) = 3*d + 4. Let c(m) = -4*m - 3. Let u(x) = -4*c(x) - 5*r(x). Calculate u(11).
3
Let l = -467 + 478. Let t(g) = -3*g + 27. Give t(l).
-6
Let q(n) = 2*n**2 - 1. Let f(p) = -p**2 - p. Let g(u) = -3*f(u) - 4*q(u). Give g(-3).
-50
Let k(f) = -1. Let i(u) = u - 10. Let b(g) = -i(g) + 6*k(g). Let r be b(-3). Let s(a) = -a**3 + 8*a**2 - 7*a + 9. Calculate s(r).
9
Let u(t) = 18*t - 10 + 14*t - 53*t + 9*t + 11*t. Calculate u(7).
-17
Let t(z) = 4*z**3 - z**2 - z + 2. Let l = -2556 + 2557. Give t(l).
4
Let m be (-19 + -1)/(-5) + -1 - -1. Let w(z) = 5*z**3 + 3*z**2 + 15*z - 11. Let k(b) = -b**3 - b**2 - 4*b + 3. Let t(g) = 9*k(g) + 2*w(g). Calculate t(m).
-3
Let p be (-2)/(-2)*(0 - 1). Let r(k) = -7*k + 21. Let v(a) = -7*a + 25. Let f(u) = 6*r(u) - 5*v(u). What is f(p)?
8
Let p be ((-22)/(-4))/((-1)/((-24)/(-12))). Let u(w) = -w**3 - 11*w**2 + w - 3. Calculate u(p).
-14
Let z(a) be the third derivative of -7*a**4/24 - 20*a**2. What is z(2)?
-14
Let x(q) = 33*q - 2*q**2 + q**2 - 38*q + 3 + 1 - 1. Let b = -18 - -7. Let s = b + 5. Determine x(s).
-3
Let w(l) be the first derivative of -l**4/4 - l**3/3 - l**2 + 3*l - 38. Calculate w(1).
-1
Let w be (-267)/21 + 4/(-14). Let t(l) = -15. Let o(y) = -y - 36. Let g(q) = -o(q) + 2*t(q). Calculate g(w).
-7
Let d be (0 - (-5)/(-10))*(16 - 0). Let s(w) = -w**2 - 12*w - 31. Determine s(d).
1
Let r(g) = -4*g - 29. Suppose -1827 = y - 1821. Calculate r(y).
-5
Let x(n) = 728*n - 363*n - 7 - 362*n. Let z(g) = -g**2 - 4*g + 1. Let r = -2 + 0. Let m be z(r). What is x(m)?
8
Let k(l) = -l**3 + 7*l**2 - 6*l + 6. Let z(i) = -8*i + 5. Let d be z(2). Let h be (-1 - -10)*d/((-33)/2). Determine k(h).
6
Let v(b) = b**2 + 7*b + 3. Suppose -18*s - 176 = -86. Determine v(s).
-7
Suppose -8*w + 5*w = 18. Let g(y) = y**3 + 5*y**2 - 6*y - 1. Calculate g(w).
-1
Let m(u) be the first derivative of u**3/3 + 17*u**2/2 + 34*u + 569. Calculate m(-15).
4
Let a(j) = j**2 - 5*j + 6. Let n be a(4). Let v(h) = 0 + 1 - 3*h + n - 2. Give v(-4).
13
Suppose 4*g = 2 + 18. Suppose 4*v - v - 1 = 2*t, 5*v = g*t + 10. Let j(y) = y**3 + 5*y**2 + 7. Let c be j(t). Let u(z) = -z**2 + 8*z - 10. What is u(c)?
-3
Let y = -36 - -39. Suppose 3 = -y*m + 2*m. Let s(o) be the first derivative of -o**3/3 - o**2 + o + 2. Determine s(m).
-2
Let h be 4/(-6)*(-798)/(-28). Suppose j + 2 = 15. Let m = j + h. Let v(l) = -l**3 - 6*l**2 + 4. Determine v(m).
4
Let g(c) = c**2 - c + 3. Let y be g(0). Let x(p) be the first derivative of p**4/4 - p**3 + 3*p**2/2 - 3*p - 29. Determine x(y).
6
Let v(i) be the first derivative of -i**4/4 + 5*i**3/3 + 9*i**2/2 - 4*i + 39. Give v(6).
14
Let d be (-80)/32*12/(-5). Suppose 2*w + 2*l = 6*l + 22, 4*w - 2*l - 26 = 0. Let x(a) = -w*a - 3 + a**2 + 1 - 5. What is x(d)?
-1
Let y(j) = -j**2 + 10*j - 9. Let r be y(8). Let f(a) = -a + 2. Determine f(r).
-5
Let q = 58 - 58. Suppose m - 5*x + 8 = q, -m + 6 = x + 2. Let r(d) = d**2 + d - 2. Determine r(m).
4
Let p(k) = -k + 896*k**2 + 0*k + 3 - 895*k**2. Give p(3).
9
Let n be (-1)/(-4) - (-143)/52. Suppose 10 + 2 = -n*x. Let o(d) = d**2 + 3*d - 4. Give o(x).
0
Let u(j) be the third derivative of 1/6*j**4 + 0 + 2/3*j**3 + 0*j - 1/60*j**5 + j**2. Suppose v = 3*a - 2*v - 27, -2*a = v - 6. Give u(a).
-1
Let r be (3 + -2)/(1/2). Let f(k) be the third derivative of k**6/40 - k**5/60 - k**4/24 - k**3/3 + 885*k**2. What is f(r)?
16
Let n = -2 + 6. Suppose 5*j = -n*z + 1 - 2, -j - 3*z - 9 = 0. Let l(o) = -4*o**3 + 5*o**3 + 5*o - o**2 - 3*o**2 + 2 - j*o**2. Determine l(6).
-4
Let p = 20 + -17. Let i(b) = -b**3 - b**p + 2*b**2 + 4*b**3 - b**3 - 2. Let f be ((-4)/6)/((-1)/3). What is i(f)?
14
Let a(c) be the first derivative of 3*c**2 + 3 - 4*c**2 + 21*c - 5. Let q be a(10). Let v(r) = -5*r. Give v(q).
-5
Let o(k) = -k**3 + 3*k**2 + 3*k + 3. Let m be 6/33 - (-31)/11. Suppose 0 = z + 8*z - 27. Suppose 0 = -4*t - 3*u + z, m*t + 3 = -5*u - 3. Determine o(t).
12
Let b(r) = -r**3 + 5*r**2 + 3*r + 5. Suppose -3*x + 3 = a, 0*x - 4*x + 4 = 3*a. Suppose j + 7 = 4*g + 20, j + 3*g + x = 0. Determine b(j).
20
Let i(t) = -5*t - 2. Let f(k) = -6*k + 31. Let x be f(5). Let m(q) = q + 1. Let w(r) = x*i(r) + 6*m(r). Suppose -8 = -3*d + 1. Calculate w(d).
7
Let h be (6 - 5)*(3 + 2). Let c(q) = -3*q + h - 6 + 4*q. Suppose 4*b - 6*b = j, 20 = 4*b - 3*j. Give c(b).
1
Let d be (-6 + (-48)/(-6))*(-1 + 6). Suppose -d*j = -19*j + 36. Let g(w) = 3*w - 5. What is g(j)?
7
Let z = 4 - -17. Suppose -6*k = -z - 39. Let s(a) = -a + 10. What is s(k)?
0
Let h(x) = 11*x + 3*x + 4 - 13*x. Determine h(-3).
1
Let g(z) = -13*z**2 + 5*z**2 + 4*z**2 - 9 + z**3 - z + 10. What is g(3)?
-11
Let x = 36 + -215/6. Let s(k) be the second derivative of 1/2*k**2 + 3*k + 0 - 7/12*k**4 + x*k**3. What is s(-1)?
-7
Let c(m) be the second derivative of -m**5/20 + m**4/12 - 31*m**2/2 + 105*m + 1. Determine c(0).
-31
Let l(h) = -138*h - 7 + 69*h + 66*h - 12. Calculate l(-9).
8
Let x(w) = -2*w**2 - 3*w - 1. Let o(g) = 6*g**2 + 12*g - 5. Let j(t) = -o(t) - 2*x(t). What is j(-5)?
-13
Let b(r) = 21 - 13 - 11 - r. Calculate b(0).
-3
Suppose -4*s - 1 = o, -2*o - 1 = -s - 8. Let l(c) = 3*c + 8*c**2 - c**3 + 20 - 5*c**2 - 17. Calculate l(o).
12
Let m = -3222 - -3244. Let u(g) = g - 3. Give u(m).
19
Let k = 2 - 2. Let u(h) be the second derivative of 5 + 1/12*h**4 + 0*h**2 - 6*h + 1/6*h**3. Calculate u(k).
0
Let o(v) be the second derivative of v**6/120 + v**5/10 - v**4/24 - v**3/2 - 6*v**2 - 6*v. Let c(h) be the first derivative of o(h). Determine c(-6).
3
Let j = 364 + -358. Let t(g) = -g - 3. Give t(j).
-9
Suppose 67 - 80 = -13*s. Let q(k) = 3*k**3 + k**2. Calculate q(s).
4
Let q(c) be the second derivative of -c**4/6 + 2*c**3/3 - c**2 + 35*c. Let h be (4 - -1) + (-6)/2. Give q(h).
-2
Let i(b) = -b**2 - 5*b + 1. Suppose -22*z - 9 = -25*z. Suppose -3*d = 4*q + 28, -q = z*d - 0*q + 16. What is i(d)?
5
Let p(z) = 9*z**3 + z - 1. Let n be (1 - -2)/(8 + -7). Let k(o) = -2 - 14 + o 